ist the prime factors of 753372.
2, 3, 17, 1231
List the prime factors of 450672.
2, 3, 41, 229
List the prime factors of 1182349.
7, 67, 2521
List the prime factors of 4142057.
19, 218003
What are the prime factors of 25870427?
11, 2351857
What are the prime factors of 14484747?
3, 4828249
List the prime factors of 1056593.
367, 2879
What are the prime factors of 6180451?
29, 213119
What are the prime factors of 150814?
2, 75407
List the prime factors of 3797240.
2, 5, 59, 1609
What are the prime factors of 7159903?
19, 376837
List the prime factors of 4893578.
2, 59, 113, 367
List the prime factors of 673436.
2, 19, 8861
What are the prime factors of 1790531?
1790531
List the prime factors of 4426873.
11, 402443
What are the prime factors of 11450038?
2, 1171, 4889
What are the prime factors of 9050364?
2, 3, 59, 4261
What are the prime factors of 2144978?
2, 11, 97499
What are the prime factors of 420293?
420293
List the prime factors of 94549.
7, 13, 1039
What are the prime factors of 37187852?
2, 13, 715151
What are the prime factors of 823939?
17, 2851
What are the prime factors of 13952842?
2, 6976421
List the prime factors of 43879.
11, 3989
What are the prime factors of 4716815?
5, 943363
What are the prime factors of 39086?
2, 19543
What are the prime factors of 589001?
7, 84143
List the prime factors of 24048.
2, 3, 167
List the prime factors of 24020899.
7, 1279, 2683
What are the prime factors of 4486829?
4486829
What are the prime factors of 100225?
5, 19, 211
What are the prime factors of 9050142?
2, 3, 1013, 1489
What are the prime factors of 3648894?
2, 3, 43, 14143
What are the prime factors of 11699403?
3, 3899801
List the prime factors of 73524.
2, 3, 11, 557
List the prime factors of 415368.
2, 3, 641
What are the prime factors of 3689737?
479, 7703
What are the prime factors of 290276?
2, 7, 1481
List the prime factors of 589066.
2, 313, 941
What are the prime factors of 1593103?
331, 4813
List the prime factors of 510228.
2, 3, 14173
What are the prime factors of 3476701?
643, 5407
List the prime factors of 3588464.
2, 11, 20389
What are the prime factors of 346947?
3, 109, 1061
What are the prime factors of 150847?
150847
List the prime factors of 406695.
3, 5, 19, 1427
List the prime factors of 722705.
5, 144541
What are the prime factors of 6268191?
3, 2089397
What are the prime factors of 1456949?
13, 37, 233
What are the prime factors of 92463?
3, 7, 17, 37
List the prime factors of 27280.
2, 5, 11, 31
List the prime factors of 5797404.
2, 3, 161039
What are the prime factors of 226059?
3, 75353
What are the prime factors of 17987550?
2, 3, 5, 7, 37, 463
List the prime factors of 124927.
11, 41, 277
What are the prime factors of 604565?
5, 13, 71, 131
List the prime factors of 16786.
2, 7, 11, 109
What are the prime factors of 2829882?
2, 3, 11, 53, 809
List the prime factors of 5780169.
3, 642241
What are the prime factors of 78967?
7, 29, 389
List the prime factors of 25341.
3, 8447
What are the prime factors of 58729?
11, 19, 281
What are the prime factors of 8882854?
2, 43, 103289
What are the prime factors of 6746973?
3, 2248991
List the prime factors of 513737.
7, 79, 929
List the prime factors of 6986271.
3, 101, 23057
What are the prime factors of 285483?
3, 11, 41, 211
What are the prime factors of 340417?
7, 11, 4421
List the prime factors of 1610763.
3, 7, 11, 19, 367
What are the prime factors of 373048?
2, 13, 17, 211
List the prime factors of 2607639.
3, 251, 3463
List the prime factors of 1379481.
3, 73, 6299
What are the prime factors of 48476?
2, 12119
List the prime factors of 56650.
2, 5, 11, 103
What are the prime factors of 269459?
467, 577
List the prime factors of 11644185.
3, 5, 7, 43, 2579
List the prime factors of 6048337.
43, 140659
What are the prime factors of 60339?
3, 20113
What are the prime factors of 1487404?
2, 371851
What are the prime factors of 16416593?
16416593
What are the prime factors of 14763727?
11, 191, 7027
What are the prime factors of 1897980?
2, 3, 5, 7, 4519
What are the prime factors of 1255104?
2, 3, 2179
What are the prime factors of 504593?
504593
What are the prime factors of 2691413?
43, 62591
List the prime factors of 12754913.
17, 163, 4603
What are the prime factors of 284474?
2, 142237
What are the prime factors of 1662238?
2, 887, 937
List the prime factors of 120530.
2, 5, 17, 709
What are the prime factors of 3892011?
3, 1297337
What are the prime factors of 21143?
21143
What are the prime factors of 1612010?
2, 5, 161201
List the prime factors of 18457135.
5, 47, 78541
What are the prime factors of 133151?
47, 2833
What are the prime factors of 4221212?
2, 1055303
List the prime factors of 3157334.
2, 199, 7933
What are the prime factors of 13285406?
2, 1877, 3539
List the prime factors of 4730250.
2, 3, 5, 7, 17, 53
List the prime factors of 7155495.
3, 5, 19, 8369
List the prime factors of 917845.
5, 183569
List the prime factors of 3137120.
2, 5, 7, 2801
List the prime factors of 23070715.
5, 1697, 2719
What are the prime factors of 882985?
5, 176597
List the prime factors of 2200009.
7, 43, 7309
What are the prime factors of 132135?
3, 5, 23, 383
What are the prime factors of 101113?
101113
What are the prime factors of 1983790?
2, 5, 19, 53, 197
What are the prime factors of 7692326?
2, 3846163
What are the prime factors of 14470420?
2, 5, 29, 61, 409
What are the prime factors of 1079499?
3, 151, 2383
List the prime factors of 2294506.
2, 1147253
List the prime factors of 3819696.
2, 3, 17, 31, 151
What are the prime factors of 54593?
7, 11, 709
List the prime factors of 47844.
2, 3, 443
What are the prime factors of 301300?
2, 5, 23, 131
List the prime factors of 10805.
5, 2161
List the prime factors of 18583480.
2, 5, 464587
List the prime factors of 8954124.
2, 3, 746177
List the prime factors of 3453836.
2, 673, 1283
What are the prime factors of 2526012?
2, 3, 19, 1231
What are the prime factors of 166152?
2, 3, 7, 23, 43
List the prime factors of 388817.
11, 13, 2719
What are the prime factors of 447438?
2, 3, 74573
List the prime factors of 360811.
11, 32801
List the prime factors of 138641.
138641
What are the prime factors of 273408?
2, 3, 89
What are the prime factors of 93263?
93263
What are the prime factors of 826965?
3, 5, 17, 23, 47
List the prime factors of 1574985.
3, 5, 104999
List the prime factors of 173709.
3, 19301
What are the prime factors of 1920847?
17, 103, 1097
What are the prime factors of 1586078?
2, 13, 53, 1151
What are the prime factors of 770088?
2, 3, 11, 2917
List the prime factors of 4054744.
2, 506843
List the prime factors of 12743059.
7, 37, 49201
List the prime factors of 34900260.
2, 3, 5, 719, 809
What are the prime factors of 58648?
2, 7331
List the prime factors of 683924.
2, 19, 8999
What are the prime factors of 2065728?
2, 3, 7, 29, 53
What are the prime factors of 1414482?
2, 3, 235747
What are the prime factors of 9083521?
9083521
What are the prime factors of 24895202?
2, 12447601
List the prime factors of 199836.
2, 3, 7, 13, 61
What are the prime factors of 10745011?
373, 28807
List the prime factors of 4847597.
4847597
List the prime factors of 10506704.
2, 13, 50513
List the prime factors of 6574364.
2, 1643591
What are the prime factors of 123419?
123419
What are the prime factors of 30172687?
30172687
List the prime factors of 602726.
2, 301363
What are the prime factors of 16738641?
3, 23, 80863
List the prime factors of 12132679.
13, 17, 41, 103
What are the prime factors of 639823?
331, 1933
List the prime factors of 15871625.
5, 7, 11, 17, 97
What are the prime factors of 1884372?
2, 3, 7, 22433
What are the prime factors of 297967?
297967
What are the prime factors of 418968?
2, 3, 11, 23
What are the prime factors of 632669?
632669
List the prime factors of 11751769.
11751769
List the prime factors of 840509.
149, 5641
What are the prime factors of 4202696?
2, 113, 4649
List the prime factors of 5355887.
5355887
List the prime factors of 314464.
2, 31, 317
What are the prime factors of 24279131?
19, 1277849
What are the prime factors of 320702?
2, 41, 3911
What are the prime factors of 148850?
2, 5, 13, 229
List the prime factors of 108342.
2, 3, 13, 463
What are the prime factor